termine b(u).
5
Let m(g) = g**3 + 5*g**2 + 4*g - 5. Suppose -n = -d + 3, 30*n - 32*n - 5*d - 27 = 0. Give m(n).
-65
Let p be 58/(-4) + 6/4. Let q = 19 + p. Let j(a) be the first derivative of a**2 - 40. Calculate j(q).
12
Suppose 6*n = -5*v + 3*n + 40, 24 = 3*v + n. Let y(r) = -v*r**2 - 3*r + 112 - 112 + 5*r**2 - 2*r**2. What is y(-1)?
-2
Suppose 4*d - 2*y - 7 = -3*y, 5*y = 3*d - 11. Let l(a) = -a**2 + 0*a - 8*a + 3*a**2 - 7 - a - 3*a**d. What is l(-6)?
11
Let f(q) be the first derivative of q**4/4 - 13*q**3/3 + 8*q**2 - 52*q - 648. Determine f(12).
-4
Let m(y) be the third derivative of y**6/120 - y**5/60 + y**4/8 + y**3/2 + 2*y**2 + 10*y - 115. Calculate m(4).
63
Let x(l) = l**3 - 3*l**2 - l - 2. Let w(r) = r**2 - 4*r + 2. Let p be w(3). Let v be 4 + (p - -5) + -5. Calculate x(v).
-5
Suppose 3*p + 113 = -3*y - 94, 4*y = 5*p + 354. Suppose 334 = 4*s + 50. Let l = s + p. Let t(w) = -6*w**3 - 2*w**2 + 2*w - 1. What is t(l)?
-7
Let z(h) = 3*h**3 - 7*h**2 - 6*h + 2. Let i(t) = -5 + 18*t + 1 + 22*t**2 - 4 - 10*t**3. Let o(l) = -2*i(l) - 7*z(l). Let y = -11 + 17. Calculate o(y).
2
Let c(o) be the third derivative of o**5/120 - 11*o**4/24 + 31*o**3/6 - 59*o**2. Let v(r) be the first derivative of c(r). What is v(6)?
-5
Let w be -2*2 - (-4 + 25/(-5)). Let s(r) = r**2 - 10*r - 3. Let b(u) = 2*u**2 - 19*u - 6. Let m(f) = 4*b(f) - 7*s(f). Determine m(w).
-8
Let m(c) = -6*c**2 + 337*c + c**3 + 328*c - 660*c + 5. Let a = -15 + 21. Suppose -u = -y - 0*y - a, 3*y = 4*u - 23. What is m(u)?
5
Let k(p) = 10*p**2 + 4*p + 259. Let g(j) = -j**2 - 66. Let o(r) = 4*g(r) + k(r). Calculate o(1).
5
Suppose 0 = 3*s - 10*s + 21. Suppose 0*m + 2*m = a - 9, 3*a - 21 = 4*m. Let x(z) = 3*z**2 + 52*z**a + 50*z**3 - 103*z**s + 2*z - 4. Determine x(4).
-12
Suppose 15*k - 775 = 10*k. Suppose 0*n = -5*y + 3*n + 155, -2*n = -5*y + k. Let a(t) = t**2 + 7 - 15*t - 19 + y. Calculate a(13).
-7
Let s(o) = 18*o**2 + 4*o + 5. Let z = 10122 + -10123. Give s(z).
19
Let r(v) = -11*v**3 + 64*v**2 - 13*v + 223. Let n(k) = k**3 - 5*k**2 - 22. Let z(f) = -10*n(f) - r(f). Suppose m + 2*m = 39. Calculate z(m).
-3
Let r(m) = -m**2 + 3*m + 3. Suppose 23*n - 48 = 20*n. Let c be (8/16)/((-4)/n). Calculate r(c).
-7
Let a(d) = 4*d + 4. Let l = 316 - 314. Let o be 4 + -7 - (l + 0). What is a(o)?
-16
Let n(q) = 3*q**2 + 11*q + 10. Let t be (7 - 1)/(-12)*6. Let a be n(t). Let i(r) = -r**2 + 4*r + 5. Give i(a).
5
Let s(n) be the second derivative of 1/60*n**5 + 1/12*n**4 + 14*n - 1/2*n**3 + 0 + 0*n**2. Let k(w) be the second derivative of s(w). Calculate k(3).
8
Let c(t) = -t**3 - t**2 + 3. Let q(h) = 47*h + 3290. Let y be q(-70). What is c(y)?
3
Let q(o) = -3. Suppose -4 = c + 3*c. Let n(a) = a + 1. Let i(m) = c*q(m) - n(m). Let j(f) = f**3 - 31*f**2 - 4*f + 118. Let u be j(31). Determine i(u).
8
Let m(r) be the first derivative of r**3/3 - 7*r**2/2 + 10*r - 10. Let q(a) = a + 14. Let b(w) = -4*w + 17. Let v be b(6). Let k be q(v). Determine m(k).
10
Suppose 25 = 14*u - 9*u. Suppose -2*q = u*v - 55, -4*v - 2*q + 6 = -38. Let o(z) = -z + 7. Give o(v).
-4
Let g be 22*(-20 + (-123)/(-6)). Let y(f) = f**3 - 11*f**2 - 10*f + 49. Give y(g).
-61
Let u(h) = -353 + 545 + 50*h + 119. What is u(-6)?
11
Let l(j) = -13*j - 11*j**2 - j**3 - 68*j + 70*j. Give l(-9).
-63
Let m be (-2)/(-44)*(-24 - -4)*(-11)/2. Let w(a) = 3*a + 0*a**2 - a**2 - 4 + 2*a. What is w(m)?
-4
Suppose -175 = 28*r - 35. Let o(z) = -20*z - 99. What is o(r)?
1
Let b(a) = 64*a - 2 - 58*a + 5 + 4 - 21*a. What is b(8)?
-113
Let c(a) = 100*a**2 - 20 - 283*a**2 - 7*a + 92*a**2 + 92*a**2 + 9*a. Calculate c(-7).
15
Let l(o) = o**3 - 17*o**2 + 46*o - 29. Let w = -31452 + 31466. What is l(w)?
27
Let m(s) be the third derivative of 23*s**6/720 + s**4/3 + 19*s**2. Let z(x) be the second derivative of m(x). Suppose 4*y = -4 - 0. What is z(y)?
-23
Suppose -z + 2 = -5*c, -5*c + 2*z = 1 + 3. Let s(a) = 426*a**2 - a**3 - 129*a - 8 + 128*a - 425*a**2. What is s(c)?
-8
Let c be (210/(-25))/((-4)/(-10)). Let y(g) = g**3 + 20*g**2 - 21*g - 15. Determine y(c).
-15
Let k(g) = 2*g**2 - 125*g + 581. Let h be k(5). Let p(o) = o**2 - 5*o - 18. What is p(h)?
-12
Suppose -9 = -3*y, -10 = -m - 2*y + 2. Let k(l) = -m*l**2 - 72*l + l**3 - 10 + 73*l + 2 + l**2. Calculate k(5).
-3
Let d(o) = 4 + 3*o + 6*o + o - 7*o + 6*o + o**2. Suppose 5*t + 2*y + 45 = 0, t - 9 = 2*t + 4*y. Give d(t).
4
Let q(w) = 3*w**2 - w + 4. Let g(r) = 7*r**2 - 29*r + 7. Suppose 6 = 3*b - 2*x - 0*x, 2*b - 5*x + 7 = 0. Let n be g(b). Give q(n).
28
Let r(j) = -j - 4. Let o be 1 - ((-1)/2 - 18/(-12)). Suppose 6*i - 94 - 332 = o. Let x = -74 + i. What is r(x)?
-1
Let r(o) = -o**2 - 2*o + 5. Suppose 4*z + 11 + 1 = 0. Let f be 3/(9/(-17)) - z/(-9). Let n(p) = -p**2 - 7*p - 11. Let y be n(f). What is r(y)?
-10
Let v(b) = 2*b**2 - 191*b + 1323. Let r be v(88). Let u(n) be the first derivative of -n**3/3 + n**2/2 + 2*n - 4. What is u(r)?
-4
Suppose 17*g - 16*g = 1223. Let d = g + -1226. Let x(k) = 3*k**2 - 2*k - 15. Let u(c) = 2*c**2 - c - 8. Let n(t) = 7*u(t) - 4*x(t). What is n(d)?
19
Let j(l) be the first derivative of 2*l**3/3 + 99*l**2/2 + 230*l - 283. What is j(-47)?
-5
Let k = -342 - -181. Let v = k - -169. Let j(o) = -o**3 + 7*o**2 + 9*o - 2. Calculate j(v).
6
Let h = -511 - -541. Let q(j) = 2*j**2 - 52*j - 233. Let a be q(h). Let k(t) = -4*t + 6*t - 3*t - 4. Calculate k(a).
-11
Let x(d) = -d**3 + 7*d**2 - d - 31. Let z(i) = -i - 3. Let m(n) = x(n) - 7*z(n). Give m(7).
32
Let q(t) = -13*t + 63. Suppose 3*x + 5*o = -2, 22*o + 24 = 2*x + 19*o. Determine q(x).
-15
Let v = -209 + 331. Let x be 46/(-161) + v/(-14). Let g(r) = r**3 + 10*r**2 + 7*r - 10. Calculate g(x).
8
Let k(i) = 2*i - 16. Let j(p) = 25*p - 290. Let w be j(12). Calculate k(w).
4
Let y = 71 - 70. Let f(w) = -y - 649*w + 656*w - 3. Let i be (-3)/(-4) - (-5)/20*9. What is f(i)?
17
Let d(l) = -l**3 + l + 3. Suppose 269 = 12*h - 43. Suppose 5*y - h*y = 0. What is d(y)?
3
Let f(s) be the first derivative of 3*s**2 + 3*s + 4715. Give f(-15).
-87
Let g(r) be the first derivative of 9*r**2 + 9*r**2 + 12*r + 13*r**2 + 49 - 32*r**2 - 158. Let m be 3 + -1 + 0 - -6. Calculate g(m).
-4
Let a(n) = -n**3 - 7*n**2 - 3*n + 20. Let x be a(-6). Suppose 0 = v + 2*k - 15, 2*v + x + 3 = 3*k. Let r(q) = q**2 - 10*q + 3. Calculate r(v).
-22
Let z(d) = 4*d**2 - 1 + 1 + 4*d - 5*d**2. Suppose -5*l = 5*i - 10*i + 245, -3*i - 3*l = -165. Let p be 5/2*13/(i/8). What is z(p)?
-5
Let z(q) = -20*q + 22. Suppose j + 7 = -3*f, -12*j + 8*j + 5*f = 11. Calculate z(j).
102
Let p(a) = 3*a + 22. Let w(t) = 12*t + 103. Let c(z) = 21*p(z) - 5*w(z). What is c(-14)?
-95
Let r = -57 + 37. Let q = -12 - r. Let l(g) be the third derivative of g**4/24 - 5*g**3/6 - 1242*g**2. What is l(q)?
3
Suppose 0 = 5*f - 4*n, f + 0*n - 5*n = 0. Let p(k) = -k + f*k - 2*k - 93 + 91. Let h = -3 + 1. Give p(h).
4
Let b(o) = 9*o**3 + 32*o**2 + 3*o - 13. Let t(m) = -2*m + 3*m**3 + 7 - 10*m**3 - 8*m**3 + 10*m**3 - 17*m**2. Let h(k) = -6*b(k) - 11*t(k). What is h(4)?
1
Let s(g) = -7*g**3 - 70*g**2 + 153*g + 202. Let p(o) = 4*o**3 + 40*o**2 - 87*o - 116. Let h(v) = -16*p(v) - 9*s(v). What is h(-11)?
-6
Let o(p) = 7*p - 17. Let x(l) = 29*l - 76. Let c(m) = -18*o(m) + 4*x(m). Determine c(-2).
22
Let n(i) = 5*i - 8 - 4*i + 12. Suppose -5*k + 31 = 2*b, -2*k = 3*b - 40 + 21. Determine n(b).
7
Let w(d) = 2*d + 10. Let b be (0 - (-2 - -1))*59. Suppose -14 = -9*y - b. Calculate w(y).
0
Let t(q) = -5*q**3 + 1. Let p = 165 - 46. Let i = p + -118. Calculate t(i).
-4
Let v be 548/411*(-9)/4. Let z(q) = -q**2 - 3*q + 4. Let f(r) = -r + 1. Let j(o) = 4*f(o) - z(o). Determine j(v).
12
Let w(b) = 29*b**3 + 6*b**2 - b + 15. Let r(z) = 5*z**3 + z**2 + 1. Let v(f) = 6*r(f) - w(f). Suppose 5*q = 3*l + 25, 4*l + 4*q - 20 = 6*l. What is v(l)?
-9
Let f(h) = 7*h - 3*h**2 + 2*h**2 + 0*h - 10. Suppose -7256*p + 7661*p = 2835. Give f(p).
-10
Let a(s) = -10*s + 46. Let g(p) = -3*p + 15. Let f(q) = 2*a(q) - 7*g(q). Suppose 4*y - 85 = 19. Let b = y + -15. Give f(b).
-2
Let m(l) = -32*l - 43. Let h be m(-2). Suppose 9*a - h*a + 36 = 0. Let v(n) = n + 4. What is v(a)?
7
Let p(l) be the second derivative of -l**5/10 + 7*l**4/12 + l**3 - 4*l + 926. Calculate p(6).
-144
Suppose -4*y + 30 = 3*p, 526*y + 2 = 525*y + 4*p. Let t(r) = -r**3 + 4*r**2 